{"id":93,"date":"2022-08-04T11:59:13","date_gmt":"2022-08-04T11:59:13","guid":{"rendered":"https:\/\/pepcorbalan.com\/?page_id=93"},"modified":"2025-01-27T17:34:40","modified_gmt":"2025-01-27T17:34:40","slug":"youtube-simfonica","status":"publish","type":"page","link":"https:\/\/pepcorbalan.com\/index.php\/youtube-simfonica\/","title":{"rendered":"YouTube Simf\u00f3nica"},"content":{"rendered":"<p><\/p><p><\/p><p>EL VALS DE SANT MAR\u00c7AL- de PEP CORBAL\u00c1N<\/p><figure class=\"wp-block-embed is-type-video is-provider-youtube wp-block-embed-youtube wp-embed-aspect-16-9 wp-has-aspect-ratio\"><div class=\"wp-block-embed__wrapper\">\n<iframe loading=\"lazy\" title=\"EL VALS DE SANT MAR\u00c7AL\" width=\"960\" height=\"540\" src=\"https:\/\/www.youtube.com\/embed\/S_QvgQ01jqI?feature=oembed\" frameborder=\"0\" allow=\"accelerometer; autoplay; clipboard-write; encrypted-media; gyroscope; picture-in-picture; web-share\" referrerpolicy=\"strict-origin-when-cross-origin\" allowfullscreen><\/iframe>\n<\/div><\/figure><p><\/p><p class=\"has-medium-font-size\"><strong>FRAGMENTOS CONCIERTO DE A\u00d1O NUEVO 2023- simf\u00f2nica de Marratx\u00ed<\/strong><\/p><figure class=\"wp-block-embed is-type-video is-provider-youtube wp-block-embed-youtube wp-embed-aspect-16-9 wp-has-aspect-ratio\"><div class=\"wp-block-embed__wrapper\">\n<iframe loading=\"lazy\" title=\"Simf\u00f2nica de Marratx\u00ed- Pinzellades del concert Cap d&#039;Any 2023!\" width=\"960\" height=\"540\" src=\"https:\/\/www.youtube.com\/embed\/9-KX3anF4iw?feature=oembed\" frameborder=\"0\" allow=\"accelerometer; autoplay; clipboard-write; encrypted-media; gyroscope; picture-in-picture; web-share\" referrerpolicy=\"strict-origin-when-cross-origin\" allowfullscreen><\/iframe>\n<\/div><\/figure><p><strong>HARRY POTTER AND THE GOBLET OF THE FIRE    ( P.DOYLE)<\/strong><\/p><figure class=\"wp-block-embed is-type-video is-provider-youtube wp-block-embed-youtube wp-embed-aspect-16-9 wp-has-aspect-ratio\"><div class=\"wp-block-embed__wrapper\">\n<iframe loading=\"lazy\" title=\"Harry Potter and the goblet of the fire   P. Doyle\" width=\"960\" height=\"540\" src=\"https:\/\/www.youtube.com\/embed\/hUGWqh18N1E?feature=oembed\" frameborder=\"0\" allow=\"accelerometer; autoplay; clipboard-write; encrypted-media; gyroscope; picture-in-picture; web-share\" referrerpolicy=\"strict-origin-when-cross-origin\" allowfullscreen><\/iframe>\n<\/div><\/figure><p><strong>PIRATAS DEL CARIBE<\/strong><\/p><figure class=\"wp-block-embed is-type-video is-provider-youtube wp-block-embed-youtube wp-embed-aspect-16-9 wp-has-aspect-ratio\"><div class=\"wp-block-embed__wrapper\">\n<iframe loading=\"lazy\" title=\"Jove Orquestra Simf\u00f2nica de Marratx\u00ed: Piratas del Caribe\" width=\"960\" height=\"540\" src=\"https:\/\/www.youtube.com\/embed\/ul2iV3K7h_w?feature=oembed\" frameborder=\"0\" allow=\"accelerometer; autoplay; clipboard-write; encrypted-media; gyroscope; picture-in-picture; web-share\" referrerpolicy=\"strict-origin-when-cross-origin\" allowfullscreen><\/iframe>\n<\/div><\/figure><p><strong>FRAGMENTO DE EL SE\u00d1OR DE LOS ANILLOS<\/strong><\/p><figure class=\"wp-block-embed is-type-video is-provider-youtube wp-block-embed-youtube wp-embed-aspect-16-9 wp-has-aspect-ratio\"><div class=\"wp-block-embed__wrapper\">\n<iframe loading=\"lazy\" title=\"Jove Orquestra Simf\u00f2nica de Marratx\u00ed: El se\u00f1or de los anillos\" width=\"960\" height=\"540\" src=\"https:\/\/www.youtube.com\/embed\/6fmSrCoCDeE?feature=oembed\" frameborder=\"0\" allow=\"accelerometer; autoplay; clipboard-write; encrypted-media; gyroscope; picture-in-picture; web-share\" referrerpolicy=\"strict-origin-when-cross-origin\" allowfullscreen><\/iframe>\n<\/div><\/figure><p><strong>DRAGON BORN COME&#8217;S (SKYRIM)<\/strong><\/p><figure class=\"wp-block-embed is-type-video is-provider-youtube wp-block-embed-youtube wp-embed-aspect-16-9 wp-has-aspect-ratio\"><div class=\"wp-block-embed__wrapper\">\n<iframe loading=\"lazy\" title=\"DRAGON BORN COME&#039;S (SKYRIM)\" width=\"960\" height=\"540\" src=\"https:\/\/www.youtube.com\/embed\/ZbqehxkxveQ?feature=oembed\" frameborder=\"0\" allow=\"accelerometer; autoplay; clipboard-write; encrypted-media; gyroscope; picture-in-picture; web-share\" referrerpolicy=\"strict-origin-when-cross-origin\" allowfullscreen><\/iframe>\n<\/div><\/figure><p><strong>GAME OF THRONES<\/strong><\/p><figure class=\"wp-block-embed is-type-video is-provider-youtube wp-block-embed-youtube wp-embed-aspect-16-9 wp-has-aspect-ratio\"><div class=\"wp-block-embed__wrapper\">\n<iframe loading=\"lazy\" title=\"Juego de Tronos -  game of thrones\" width=\"960\" height=\"540\" src=\"https:\/\/www.youtube.com\/embed\/BBrTgFbyctI?feature=oembed\" frameborder=\"0\" allow=\"accelerometer; autoplay; clipboard-write; encrypted-media; gyroscope; picture-in-picture; web-share\" referrerpolicy=\"strict-origin-when-cross-origin\" allowfullscreen><\/iframe>\n<\/div><\/figure><p><strong>EL DANUBIO AZUL DE J.STRAUSS<\/strong><\/p><figure class=\"wp-block-embed is-type-video is-provider-youtube wp-block-embed-youtube wp-embed-aspect-16-9 wp-has-aspect-ratio\"><div class=\"wp-block-embed__wrapper\">\n<iframe loading=\"lazy\" title=\"El danubio azul de J. Strauss\" width=\"960\" height=\"540\" src=\"https:\/\/www.youtube.com\/embed\/zyUCwE_h1dw?feature=oembed\" frameborder=\"0\" allow=\"accelerometer; autoplay; clipboard-write; encrypted-media; gyroscope; picture-in-picture; web-share\" referrerpolicy=\"strict-origin-when-cross-origin\" allowfullscreen><\/iframe>\n<\/div><\/figure><p class=\"has-large-font-size\"><strong>DANZA H\u00daNGARA N\u00ba5<\/strong><\/p><figure class=\"wp-block-embed is-type-video is-provider-youtube wp-block-embed-youtube wp-embed-aspect-16-9 wp-has-aspect-ratio\"><div class=\"wp-block-embed__wrapper\">\n<iframe loading=\"lazy\" title=\"Danza hungara n5\" width=\"960\" height=\"540\" src=\"https:\/\/www.youtube.com\/embed\/PfDij6hFsKw?feature=oembed\" frameborder=\"0\" allow=\"accelerometer; autoplay; clipboard-write; encrypted-media; gyroscope; picture-in-picture; web-share\" referrerpolicy=\"strict-origin-when-cross-origin\" allowfullscreen><\/iframe>\n<\/div><\/figure><p><strong>SELECI\u00d3N DE TEMAS DEL &#8221; EL CASCANUECES&#8221; TCHAIKOVSKI<\/strong><\/p><figure class=\"wp-block-embed is-type-video is-provider-youtube wp-block-embed-youtube wp-embed-aspect-16-9 wp-has-aspect-ratio\"><div class=\"wp-block-embed__wrapper\">\n<iframe loading=\"lazy\" title=\"Selecci\u00f3n de temas de &quot;El Cascanueces&quot; Tchaikovski\" width=\"960\" height=\"540\" src=\"https:\/\/www.youtube.com\/embed\/RN63UumktK8?feature=oembed\" frameborder=\"0\" allow=\"accelerometer; autoplay; clipboard-write; encrypted-media; gyroscope; picture-in-picture; web-share\" referrerpolicy=\"strict-origin-when-cross-origin\" allowfullscreen><\/iframe>\n<\/div><\/figure><p><strong>EL LAGO DE LOS CISNES N\u00ba1<\/strong><\/p><figure class=\"wp-block-embed is-type-video is-provider-youtube wp-block-embed-youtube wp-embed-aspect-16-9 wp-has-aspect-ratio\"><div class=\"wp-block-embed__wrapper\">\n<iframe loading=\"lazy\" title=\"Jove Orquestra Simf\u00f2nica de Marratx\u00ed: El lago de los Cisnes n\u00fam 1\" width=\"960\" height=\"540\" src=\"https:\/\/www.youtube.com\/embed\/F9Hoe7gVu3s?feature=oembed\" frameborder=\"0\" allow=\"accelerometer; autoplay; clipboard-write; encrypted-media; gyroscope; picture-in-picture; web-share\" referrerpolicy=\"strict-origin-when-cross-origin\" allowfullscreen><\/iframe>\n<\/div><\/figure><p><strong>NABUCO<\/strong><\/p><figure class=\"wp-block-embed is-type-video is-provider-youtube wp-block-embed-youtube wp-embed-aspect-16-9 wp-has-aspect-ratio\"><div class=\"wp-block-embed__wrapper\">\n<iframe loading=\"lazy\" title=\"NABUCO\" width=\"960\" height=\"540\" src=\"https:\/\/www.youtube.com\/embed\/3OKi-4PFunU?feature=oembed\" frameborder=\"0\" allow=\"accelerometer; autoplay; clipboard-write; encrypted-media; gyroscope; picture-in-picture; web-share\" referrerpolicy=\"strict-origin-when-cross-origin\" allowfullscreen><\/iframe>\n<\/div><\/figure><p><strong>VALS N\u00aa2 DE SHOSTAKOVICH<\/strong><\/p><figure class=\"wp-block-embed is-type-video is-provider-youtube wp-block-embed-youtube wp-embed-aspect-16-9 wp-has-aspect-ratio\"><div class=\"wp-block-embed__wrapper\">\n<iframe loading=\"lazy\" title=\"vals num 2 de shostakovich\" width=\"960\" height=\"540\" src=\"https:\/\/www.youtube.com\/embed\/f_bhneejzL0?feature=oembed\" frameborder=\"0\" allow=\"accelerometer; autoplay; clipboard-write; encrypted-media; gyroscope; picture-in-picture; web-share\" referrerpolicy=\"strict-origin-when-cross-origin\" allowfullscreen><\/iframe>\n<\/div><\/figure><p><strong>MARCHA RADESTKY<\/strong><\/p><figure class=\"wp-block-embed is-type-video is-provider-youtube wp-block-embed-youtube wp-embed-aspect-16-9 wp-has-aspect-ratio\"><div class=\"wp-block-embed__wrapper\">\n<iframe loading=\"lazy\" title=\"Marxa Radestky\" width=\"960\" height=\"540\" src=\"https:\/\/www.youtube.com\/embed\/Fpa_4jdFbDo?feature=oembed\" frameborder=\"0\" allow=\"accelerometer; autoplay; clipboard-write; encrypted-media; gyroscope; picture-in-picture; web-share\" referrerpolicy=\"strict-origin-when-cross-origin\" allowfullscreen><\/iframe>\n<\/div><\/figure><p><strong>A MILLION DREAMS<\/strong><\/p><figure class=\"wp-block-embed is-type-video is-provider-youtube wp-block-embed-youtube wp-embed-aspect-4-3 wp-has-aspect-ratio\"><div class=\"wp-block-embed__wrapper\">\n<iframe loading=\"lazy\" title=\"A Million dreams Orquesta de cuerda\" width=\"960\" height=\"720\" src=\"https:\/\/www.youtube.com\/embed\/bj7CtORllPU?feature=oembed\" frameborder=\"0\" allow=\"accelerometer; autoplay; clipboard-write; encrypted-media; gyroscope; picture-in-picture; web-share\" referrerpolicy=\"strict-origin-when-cross-origin\" allowfullscreen><\/iframe>\n<\/div><\/figure><p><strong>BABA YETU ( Theme from civilizatrion IV)<\/strong><\/p><figure class=\"wp-block-embed is-type-video is-provider-youtube wp-block-embed-youtube wp-embed-aspect-4-3 wp-has-aspect-ratio\"><div class=\"wp-block-embed__wrapper\">\n<iframe loading=\"lazy\" title=\"Baba Yetu Theme from Civilization IV\" width=\"960\" height=\"720\" src=\"https:\/\/www.youtube.com\/embed\/Ia900v8M5mo?feature=oembed\" frameborder=\"0\" allow=\"accelerometer; autoplay; clipboard-write; encrypted-media; gyroscope; picture-in-picture; web-share\" referrerpolicy=\"strict-origin-when-cross-origin\" allowfullscreen><\/iframe>\n<\/div><\/figure><p><strong>TEMAS DE SHEREZADE<\/strong><\/p><figure class=\"wp-block-embed is-type-video is-provider-youtube wp-block-embed-youtube wp-embed-aspect-4-3 wp-has-aspect-ratio\"><div class=\"wp-block-embed__wrapper\">\n<iframe loading=\"lazy\" title=\"Temas de Sherezade - Themes from Scherezade\" width=\"960\" height=\"720\" src=\"https:\/\/www.youtube.com\/embed\/A_9QO_CdN_Q?feature=oembed\" frameborder=\"0\" allow=\"accelerometer; autoplay; clipboard-write; encrypted-media; gyroscope; picture-in-picture; web-share\" referrerpolicy=\"strict-origin-when-cross-origin\" allowfullscreen><\/iframe>\n<\/div><\/figure><p><strong>EXODUS THEME<\/strong> <\/p><figure class=\"wp-block-embed is-type-video is-provider-youtube wp-block-embed-youtube wp-embed-aspect-4-3 wp-has-aspect-ratio\"><div class=\"wp-block-embed__wrapper\">\n<iframe loading=\"lazy\" title=\"Exodus Theme - El \u00c9xodo\" width=\"960\" height=\"720\" src=\"https:\/\/www.youtube.com\/embed\/QwkTauAO6Y8?feature=oembed\" frameborder=\"0\" allow=\"accelerometer; autoplay; clipboard-write; encrypted-media; gyroscope; picture-in-picture; web-share\" referrerpolicy=\"strict-origin-when-cross-origin\" allowfullscreen><\/iframe>\n<\/div><\/figure><p><strong>PEER GYNT \/ EDVARD GRIEG)<\/strong><\/p><figure class=\"wp-block-embed is-type-video is-provider-youtube wp-block-embed-youtube wp-embed-aspect-4-3 wp-has-aspect-ratio\"><div class=\"wp-block-embed__wrapper\">\n<iframe loading=\"lazy\" title=\"Seleci\u00f3n de  temas &quot;Peer Gynt\u201d de Edvard Grieg\" width=\"960\" height=\"720\" src=\"https:\/\/www.youtube.com\/embed\/E35lDVs5yMs?feature=oembed\" frameborder=\"0\" allow=\"accelerometer; autoplay; clipboard-write; encrypted-media; gyroscope; picture-in-picture; web-share\" referrerpolicy=\"strict-origin-when-cross-origin\" allowfullscreen><\/iframe>\n<\/div><\/figure><p><strong>DANZAS POLOVETZIANAS ( Danzas del Principe Igor)<\/strong><\/p><figure class=\"wp-block-embed is-type-video is-provider-youtube wp-block-embed-youtube wp-embed-aspect-16-9 wp-has-aspect-ratio\"><div class=\"wp-block-embed__wrapper\">\n<iframe loading=\"lazy\" title=\"Danses polovetzianes ( danzas del Pricipe Igor)\" width=\"960\" height=\"540\" src=\"https:\/\/www.youtube.com\/embed\/mkVTORhR9Ug?feature=oembed\" frameborder=\"0\" allow=\"accelerometer; autoplay; clipboard-write; encrypted-media; gyroscope; picture-in-picture; web-share\" referrerpolicy=\"strict-origin-when-cross-origin\" allowfullscreen><\/iframe>\n<\/div><\/figure><p><strong>CINEMA PARADISO ( E.MORRICONE)<\/strong><\/p><figure class=\"wp-block-embed is-type-video is-provider-youtube wp-block-embed-youtube wp-embed-aspect-16-9 wp-has-aspect-ratio\"><div class=\"wp-block-embed__wrapper\">\n<iframe loading=\"lazy\" title=\"Cinema Paradiso (E. Morricone)\" width=\"960\" height=\"540\" src=\"https:\/\/www.youtube.com\/embed\/PauuB5hh6TA?feature=oembed\" frameborder=\"0\" allow=\"accelerometer; autoplay; clipboard-write; encrypted-media; gyroscope; picture-in-picture; web-share\" referrerpolicy=\"strict-origin-when-cross-origin\" allowfullscreen><\/iframe>\n<\/div><\/figure><p><strong>I FEEL PRETTY (L.BERNSTEIN)<\/strong><\/p><figure class=\"wp-block-embed is-type-video is-provider-youtube wp-block-embed-youtube wp-embed-aspect-16-9 wp-has-aspect-ratio\"><div class=\"wp-block-embed__wrapper\">\n<iframe loading=\"lazy\" title=\"I Feel Pretty  Leonard Bernstein\" width=\"960\" height=\"540\" src=\"https:\/\/www.youtube.com\/embed\/dLBjV5qcFhw?feature=oembed\" frameborder=\"0\" allow=\"accelerometer; autoplay; clipboard-write; encrypted-media; gyroscope; picture-in-picture; web-share\" referrerpolicy=\"strict-origin-when-cross-origin\" allowfullscreen><\/iframe>\n<\/div><\/figure><p><strong>DANZA DE LAS HORAS (A.Ponchielli)<\/strong><\/p><figure class=\"wp-block-embed is-type-video is-provider-youtube wp-block-embed-youtube wp-embed-aspect-16-9 wp-has-aspect-ratio\"><div class=\"wp-block-embed__wrapper\">\n<iframe loading=\"lazy\" title=\"&quot;Danza de las Horas (&quot;La Gioconda&quot;)&quot; de A. Ponchielli\" width=\"960\" height=\"540\" src=\"https:\/\/www.youtube.com\/embed\/ZMuzLPDmJ_M?feature=oembed\" frameborder=\"0\" allow=\"accelerometer; autoplay; clipboard-write; encrypted-media; gyroscope; picture-in-picture; web-share\" referrerpolicy=\"strict-origin-when-cross-origin\" allowfullscreen><\/iframe>\n<\/div><\/figure><p><\/p><p><strong>BARCAROLA DE LOS CUENTOS DE HOFFMAN<\/strong><\/p><figure class=\"wp-block-embed is-type-video is-provider-youtube wp-block-embed-youtube wp-embed-aspect-16-9 wp-has-aspect-ratio\"><div class=\"wp-block-embed__wrapper\">\n<iframe loading=\"lazy\" title=\"Barcarola  de los cuentos de Hoffman\" width=\"960\" height=\"540\" src=\"https:\/\/www.youtube.com\/embed\/uxG6ng3-ANU?feature=oembed\" frameborder=\"0\" allow=\"accelerometer; autoplay; clipboard-write; encrypted-media; gyroscope; picture-in-picture; web-share\" referrerpolicy=\"strict-origin-when-cross-origin\" allowfullscreen><\/iframe>\n<\/div><\/figure><p><strong>CAPRICHO ESPA\u00d1OL (N.R.Korsakov)<\/strong><\/p><figure class=\"wp-block-embed is-type-video is-provider-youtube wp-block-embed-youtube wp-embed-aspect-16-9 wp-has-aspect-ratio\"><div class=\"wp-block-embed__wrapper\">\n<iframe loading=\"lazy\" title=\"&quot;Capricho Espa\u00f1ol&quot; N.Rimski Korsakov\" width=\"960\" height=\"540\" src=\"https:\/\/www.youtube.com\/embed\/F47KDUfmguA?feature=oembed\" frameborder=\"0\" allow=\"accelerometer; autoplay; clipboard-write; encrypted-media; gyroscope; picture-in-picture; web-share\" referrerpolicy=\"strict-origin-when-cross-origin\" allowfullscreen><\/iframe>\n<\/div><\/figure><p><strong>CONCIERTO DE A\u00d1O NUEVO 2018 ( SANT MAR\u00c7AL, MARRATX\u00cd)<\/strong><\/p><figure class=\"wp-block-embed is-type-video is-provider-youtube wp-block-embed-youtube wp-embed-aspect-16-9 wp-has-aspect-ratio\"><div class=\"wp-block-embed__wrapper\">\n<iframe loading=\"lazy\" title=\"Jove Orquestra Simf\u00f2nica de Marratx\u00ed_ Concert Any Cap d&#039;any 2018\" width=\"960\" height=\"540\" src=\"https:\/\/www.youtube.com\/embed\/cxz5Tdi8ad4?feature=oembed\" frameborder=\"0\" allow=\"accelerometer; autoplay; clipboard-write; encrypted-media; gyroscope; picture-in-picture; web-share\" referrerpolicy=\"strict-origin-when-cross-origin\" allowfullscreen><\/iframe>\n<\/div><\/figure><p><strong>NESSUM DORMA DE PUCCINI<\/strong> (Jos\u00e9 Manuel Tenor solista)<\/p><figure class=\"wp-block-embed is-type-video is-provider-youtube wp-block-embed-youtube wp-embed-aspect-16-9 wp-has-aspect-ratio\"><div class=\"wp-block-embed__wrapper\">\n<iframe loading=\"lazy\" title=\"Nessum Dorma Puccini\" width=\"960\" height=\"540\" src=\"https:\/\/www.youtube.com\/embed\/6cqVDalrTnY?feature=oembed\" frameborder=\"0\" allow=\"accelerometer; autoplay; clipboard-write; encrypted-media; gyroscope; picture-in-picture; web-share\" referrerpolicy=\"strict-origin-when-cross-origin\" allowfullscreen><\/iframe>\n<\/div><\/figure><p><strong>LOS MISERABLES<\/strong><\/p><figure class=\"wp-block-embed is-type-video is-provider-youtube wp-block-embed-youtube wp-embed-aspect-16-9 wp-has-aspect-ratio\"><div class=\"wp-block-embed__wrapper\">\n<iframe loading=\"lazy\" title=\"Les miserables Musical Amb coro\" width=\"960\" height=\"540\" src=\"https:\/\/www.youtube.com\/embed\/wWRy4ld_nIY?feature=oembed\" frameborder=\"0\" allow=\"accelerometer; autoplay; clipboard-write; encrypted-media; gyroscope; picture-in-picture; web-share\" referrerpolicy=\"strict-origin-when-cross-origin\" allowfullscreen><\/iframe>\n<\/div><\/figure><p><strong> EL FANTASMAS DE LA \u00d3PERA<\/strong><\/p><figure class=\"wp-block-embed is-type-video is-provider-youtube wp-block-embed-youtube wp-embed-aspect-16-9 wp-has-aspect-ratio\"><div class=\"wp-block-embed__wrapper\">\n<iframe loading=\"lazy\" title=\"Medley del Fantasma de la \u00d3pera\" width=\"960\" height=\"540\" src=\"https:\/\/www.youtube.com\/embed\/LdALY3HsSKI?feature=oembed\" frameborder=\"0\" allow=\"accelerometer; autoplay; clipboard-write; encrypted-media; gyroscope; picture-in-picture; web-share\" referrerpolicy=\"strict-origin-when-cross-origin\" allowfullscreen><\/iframe>\n<\/div><\/figure><p><\/p>","protected":false},"excerpt":{"rendered":"<p>EL VALS DE SANT MAR\u00c7AL- de PEP CORBAL\u00c1N FRAGMENTOS CONCIERTO DE A\u00d1O NUEVO 2023- simf\u00f2nica de Marratx\u00ed HARRY POTTER AND THE GOBLET OF THE FIRE ( P.DOYLE) PIRATAS DEL CARIBE FRAGMENTO DE EL SE\u00d1OR DE LOS ANILLOS DRAGON BORN COME&#8217;S (SKYRIM) GAME OF THRONES EL DANUBIO AZUL DE J.STRAUSS DANZA H\u00daNGARA N\u00ba5 SELECI\u00d3N DE TEMAS DEL &#8221; EL CASCANUECES&#8221; TCHAIKOVSKI EL LAGO DE LOS CISNES N\u00ba1 NABUCO VALS N\u00aa2 DE SHOSTAKOVICH MARCHA RADESTKY A MILLION DREAMS BABA YETU ( Theme from civilizatrion IV) TEMAS DE SHEREZADE EXODUS THEME PEER GYNT \/ EDVARD GRIEG) DANZAS POLOVETZIANAS ( Danzas del Principe Igor) CINEMA PARADISO ( E.MORRICONE) I FEEL PRETTY (L.BERNSTEIN) DANZA DE LAS HORAS (A.Ponchielli) BARCAROLA DE LOS CUENTOS DE HOFFMAN CAPRICHO ESPA\u00d1OL (N.R.Korsakov) CONCIERTO DE A\u00d1O NUEVO 2018 ( SANT MAR\u00c7AL, MARRATX\u00cd) NESSUM DORMA DE PUCCINI (Jos\u00e9 Manuel Tenor solista) LOS MISERABLES EL FANTASMAS DE LA \u00d3PERA<\/p>\n","protected":false},"author":1,"featured_media":0,"parent":0,"menu_order":0,"comment_status":"closed","ping_status":"closed","template":"","meta":{"om_disable_all_campaigns":false,"_monsterinsights_skip_tracking":false,"_monsterinsights_sitenote_active":false,"_monsterinsights_sitenote_note":"","_monsterinsights_sitenote_category":0,"footnotes":""},"class_list":["post-93","page","type-page","status-publish","hentry"],"aioseo_notices":[],"jetpack_sharing_enabled":true,"_links":{"self":[{"href":"https:\/\/pepcorbalan.com\/index.php\/wp-json\/wp\/v2\/pages\/93","targetHints":{"allow":["GET"]}}],"collection":[{"href":"https:\/\/pepcorbalan.com\/index.php\/wp-json\/wp\/v2\/pages"}],"about":[{"href":"https:\/\/pepcorbalan.com\/index.php\/wp-json\/wp\/v2\/types\/page"}],"author":[{"embeddable":true,"href":"https:\/\/pepcorbalan.com\/index.php\/wp-json\/wp\/v2\/users\/1"}],"replies":[{"embeddable":true,"href":"https:\/\/pepcorbalan.com\/index.php\/wp-json\/wp\/v2\/comments?post=93"}],"version-history":[{"count":24,"href":"https:\/\/pepcorbalan.com\/index.php\/wp-json\/wp\/v2\/pages\/93\/revisions"}],"predecessor-version":[{"id":527,"href":"https:\/\/pepcorbalan.com\/index.php\/wp-json\/wp\/v2\/pages\/93\/revisions\/527"}],"wp:attachment":[{"href":"https:\/\/pepcorbalan.com\/index.php\/wp-json\/wp\/v2\/media?parent=93"}],"curies":[{"name":"wp","href":"https:\/\/api.w.org\/{rel}","templated":true}]}}